19364 is divided by 784?
548
What is the remainder when 1109861 is divided by 153?
152
Calculate the remainder when 51620 is divided by 2072.
1892
Calculate the remainder when 2308166 is divided by 1073.
143
What is the remainder when 4200575 is divided by 62695?
10
Calculate the remainder when 11699 is divided by 5026.
1647
Calculate the remainder when 112166077 is divided by 3.
1
What is the remainder when 8742838 is divided by 19?
7
What is the remainder when 1386768 is divided by 345963?
2916
Calculate the remainder when 677218 is divided by 2352.
2194
What is the remainder when 17077 is divided by 413?
144
Calculate the remainder when 2420799 is divided by 484157.
14
Calculate the remainder when 237029 is divided by 4836.
65
What is the remainder when 7743 is divided by 3756?
231
Calculate the remainder when 372100 is divided by 258.
64
What is the remainder when 264736023 is divided by 2043?
2040
Calculate the remainder when 1130008 is divided by 921.
862
What is the remainder when 2810758 is divided by 472?
470
Calculate the remainder when 11818528 is divided by 498.
490
Calculate the remainder when 96598 is divided by 16099.
4
What is the remainder when 704237 is divided by 352107?
23
What is the remainder when 183603 is divided by 1556?
1551
What is the remainder when 64404 is divided by 1253?
501
What is the remainder when 1418236 is divided by 41?
5
Calculate the remainder when 540638 is divided by 1221.
956
Calculate the remainder when 69847 is divided by 67485.
2362
Calculate the remainder when 21617965 is divided by 330.
325
Calculate the remainder when 3032422 is divided by 27.
25
Calculate the remainder when 1880510 is divided by 714.
548
What is the remainder when 5640706 is divided by 114?
100
What is the remainder when 108746879 is divided by 4224?
4223
Calculate the remainder when 274816 is divided by 858.
256
What is the remainder when 1921285 is divided by 77?
58
Calculate the remainder when 14220458 is divided by 379.
378
What is the remainder when 745142 is divided by 194?
182
Calculate the remainder when 799974 is divided by 965.
954
Calculate the remainder when 991411 is divided by 141584.
323
What is the remainder when 316345 is divided by 316339?
6
Calculate the remainder when 5687787 is divided by 4.
3
Calculate the remainder when 27261847 is divided by 4689.
1
Calculate the remainder when 4112142 is divided by 944.
78
Calculate the remainder when 182849564 is divided by 114424.
12
What is the remainder when 1198072 is divided by 108912?
40
Calculate the remainder when 170815 is divided by 195.
190
What is the remainder when 10280606 is divided by 4847?
119
What is the remainder when 16688846 is divided by 150?
146
Calculate the remainder when 17820852 is divided by 1639.
5
What is the remainder when 79633 is divided by 39811?
11
What is the remainder when 32404 is divided by 9643?
3475
Calculate the remainder when 10719507 is divided by 129.
123
What is the remainder when 23678352 is divided by 2583?
2574
What is the remainder when 232213 is divided by 20899?
2324
What is the remainder when 7745882 is divided by 73?
71
What is the remainder when 283564 is divided by 334?
332
Calculate the remainder when 12693 is divided by 4068.
489
Calculate the remainder when 2468215 is divided by 1234084.
47
Calculate the remainder when 1166691 is divided by 948.
651
Calculate the remainder when 170800 is divided by 102.
52
Calculate the remainder when 15917154 is divided by 140.
134
What is the remainder when 11624992 is divided by 3874996?
4
What is the remainder when 1157069 is divided by 192?
77
What is the remainder when 110629202 is divided by 550394?
8
What is the remainder when 1686917 is divided by 49615?
7
Calculate the remainder when 3464215 is divided by 692840.
15
What is the remainder when 30956987 is divided by 83442?
5
What is the remainder when 20758 is divided by 182?
10
What is the remainder when 244358 is divided by 81412?
122
What is the remainder when 82464 is divided by 13?
5
What is the remainder when 14404192 is divided by 153236?
8
Calculate the remainder when 182416289 is divided by 111.
110
What is the remainder when 72116 is divided by 65279?
6837
What is the remainder when 561907 is divided by 6384?
115
What is the remainder when 240430 is divided by 102?
16
Calculate the remainder when 139882 is divided by 3739.
1539
Calculate the remainder when 398174 is divided by 78.
62
Calculate the remainder when 668188 is divided by 74235.
73
What is the remainder when 112601 is divided by 373?
328
What is the remainder when 1018146 is divided by 2223?
12
What is the remainder when 1294718 is divided by 318?
140
Calculate the remainder when 129188294 is divided by 145.
109
What is the remainder when 551291906 is divided by 313?
311
What is the remainder when 7745905 is divided by 74?
29
What is the remainder when 150569 is divided by 3764?
9
Calculate the remainder when 116535 is divided by 90.
75
Calculate the remainder when 1114296 is divided by 6759.
5820
What is the remainder when 8296069 is divided by 691339?
1
What is the remainder when 5815864 is divided by 2000?
1864
What is the remainder when 7803557 is divided by 109908?
89
What is the remainder when 309764 is divided by 12388?
64
Calculate the remainder when 338270 is divided by 84.
2
Calculate the remainder when 27425 is divided by 7308.
5501
What is the remainder when 219108 is divided by 5169?
2010
What is the remainder when 6039379 is divided by 569?
13
What is the remainder when 180449667 is divided by 251?
245
What is the remainder when 3104184 is divided by 231?
6
Calculate the remainder when 979609 is divided by 979590.
19
Calculate the remainder when 5927405 is divided by 16020.
5
Calculate the remainder when 755365 is divided by 107903.
44
What is the remainder when 162207 is divided by 4765?
197
Calculate the remainder when 4462195 is divided by 2094.
1975
What is the remainder when 494452 is divided by 37968?
868
What is the remainder when 7397 is divided by 736?
37
What is the remainder when 31801899 is divided by 3768?
3747
What is the remainder when 110237 is divided by 3559?
3467
What is the remainder when 633901 is divided by 633894?
7
Calculate the remainder when 351843 is divided by 31982.
41
Calculate the remainder when 5546994 is divided by 1386745.
14
What is the remainder when 27317 is divided by 95?
52
Calculate the remainder when 193616 is divided by 48269.
540
Calculate the remainder when 56253 is divided by 3656.
1413
Calculate the remainder when 560872 is divided by 626.
602
What is the remainder when 924827 is divided by 6336?
6107
What is the remainder when 189690 is divided by 190?
70
Calculate the remainder when 2878343 is divided by 7232.
7
What is the remainder when 957609 is divided by 87055?
4
What is the remainder when 92047 is divided by 22995?
67
What is the remainder when 91484489 is divided by 1129438?
11
What is the remainder when 154524 is divided by 170?
164
Calculate the remainder when 94154 is divided by 308.
214
What is the remainder when 14256 is divided by 1431?
1377
What is the remainder when 1548379 is divided by 1732?
1703
Calculate the remainder when 934739 is divided by 64.
19
What is the remainder when 10584381 is divided by 27070?
11
Calculate the remainder when 48664 is divided by 136.
112
What is the remainder when 67318 is divided by 774?
754
What is the remainder when 846746 is divided by 1495?
576
What is the remainder when 116655 is divided by 2454?
1317
What is the remainder when 205026933 is divided by 204?
201
Calculate the remainder when 9020817 is divided by 3006918.
63
Calculate the remainder when 34499087 is divided by 22402.
7
What is the remainder when 24559084 is divided by 28?
4
What is the remainder when 174259670 is divided by 8884?
10
What is the remainder when 568276 is divided by 518?
30
What is the remainder when 222192 is divided by 3767?
3706
Calculate the remainder when 14752860 is divided by 938.
934
Calculate the remainder when 14787371 is divided by 7393684.
3
What is the remainder when 621009 is divided by 68983?
162
Calculate the remainder when 1541383 is divided by 2243.
442
Calculate the remainder when 496235993 is divided by 3967.
3963
Calculate the rema